{"id":18347,"date":"2024-11-04T09:43:09","date_gmt":"2024-11-04T09:43:09","guid":{"rendered":"https:\/\/jacheteaumaroc.com\/?page_id=18347"},"modified":"2024-11-29T15:53:56","modified_gmt":"2024-11-29T15:53:56","slug":"partenaire","status":"publish","type":"page","link":"https:\/\/jacheteaumaroc.com\/index.php\/partenaire\/","title":{"rendered":"Partenaire"},"content":{"rendered":"\t\t<div data-elementor-type=\"wp-post\" data-elementor-id=\"18347\" class=\"elementor elementor-18347\">\n\t\t\t\t\t\t\t\t\t<section class=\"elementor-section elementor-top-section elementor-element elementor-element-f5d7474 elementor-section-boxed elementor-section-height-default elementor-section-height-default\" data-id=\"f5d7474\" data-element_type=\"section\">\n\t\t\t\t\t\t<div class=\"elementor-container elementor-column-gap-default\">\n\t\t\t\t\t<div class=\"elementor-column elementor-col-100 elementor-top-column elementor-element elementor-element-dfc3401\" data-id=\"dfc3401\" data-element_type=\"column\">\n\t\t\t<div class=\"elementor-widget-wrap elementor-element-populated\">\n\t\t\t\t\t\t\t\t<div class=\"elementor-element elementor-element-b8fc5f0 animated-slow elementor-invisible elementor-widget elementor-widget-houzez_elementor_section_title\" data-id=\"b8fc5f0\" data-element_type=\"widget\" data-settings=\"{&quot;_animation&quot;:&quot;fadeIn&quot;}\" data-widget_type=\"houzez_elementor_section_title.default\">\n\t\t\t\t<div class=\"elementor-widget-container\">\n\t\t\t            <div class=\"houzez_section_title_wrap section-title-module\">\n                                    <h2 class=\"houzez_section_title\">Nos Partenaires<\/h2>\n                \n                                    <p class=\"houzez_section_subtitle\">Chez JacheteAuMaroc, nous croyons en la force de la collaboration pour offrir des services de qualit\u00e9 et enrichir l'exp\u00e9rience de nos clients. Nos partenaires jouent un r\u00f4le essentiel dans notre engagement \u00e0 vous offrir le meilleur.<\/p>\n                            <\/div>\n            \t\t<\/div>\n\t\t\t\t<\/div>\n\t\t\t\t<div class=\"elementor-element elementor-element-e6d401e elementor-arrows-position-inside elementor-pagination-position-outside elementor-widget elementor-widget-image-carousel\" data-id=\"e6d401e\" data-element_type=\"widget\" data-settings=\"{&quot;slides_to_show&quot;:&quot;4&quot;,&quot;slides_to_show_tablet&quot;:&quot;3&quot;,&quot;navigation&quot;:&quot;both&quot;,&quot;autoplay&quot;:&quot;yes&quot;,&quot;pause_on_hover&quot;:&quot;yes&quot;,&quot;pause_on_interaction&quot;:&quot;yes&quot;,&quot;autoplay_speed&quot;:5000,&quot;infinite&quot;:&quot;yes&quot;,&quot;speed&quot;:500}\" data-widget_type=\"image-carousel.default\">\n\t\t\t\t<div class=\"elementor-widget-container\">\n\t\t\t<style>\/*! elementor - v3.12.2 - 23-04-2023 *\/\n.elementor-widget-image-carousel .swiper,.elementor-widget-image-carousel .swiper-container{position:static}.elementor-widget-image-carousel .swiper-container .swiper-slide figure,.elementor-widget-image-carousel .swiper .swiper-slide figure{line-height:inherit}.elementor-widget-image-carousel .swiper-slide{text-align:center}.elementor-image-carousel-wrapper:not(.swiper-container-initialized) .swiper-slide,.elementor-image-carousel-wrapper:not(.swiper-initialized) .swiper-slide{max-width:calc(100% \/ var(--e-image-carousel-slides-to-show, 3))}<\/style>\t\t<div class=\"elementor-image-carousel-wrapper swiper\" dir=\"ltr\">\n\t\t\t<div class=\"elementor-image-carousel swiper-wrapper\">\n\t\t\t\t\t\t\t\t<div class=\"swiper-slide\"><figure class=\"swiper-slide-inner\"><img decoding=\"async\" class=\"swiper-slide-image\" src=\"https:\/\/jacheteaumaroc.com\/wp-content\/uploads\/2016\/10\/Artboard-2-120x90.jpg\" alt=\"artboard-2\" \/><\/figure><\/div><div class=\"swiper-slide\"><figure class=\"swiper-slide-inner\"><img decoding=\"async\" class=\"swiper-slide-image\" src=\"https:\/\/jacheteaumaroc.com\/wp-content\/uploads\/2016\/10\/Artboard-2-Copy-120x90.jpg\" alt=\"artboard-2-copy\" \/><\/figure><\/div><div class=\"swiper-slide\"><figure class=\"swiper-slide-inner\"><img decoding=\"async\" class=\"swiper-slide-image\" src=\"https:\/\/jacheteaumaroc.com\/wp-content\/uploads\/2016\/10\/Artboard-2-Copy-2-120x90.jpg\" alt=\"artboard-2-copy-2\" \/><\/figure><\/div><div class=\"swiper-slide\"><figure class=\"swiper-slide-inner\"><img decoding=\"async\" class=\"swiper-slide-image\" src=\"https:\/\/jacheteaumaroc.com\/wp-content\/uploads\/2016\/10\/Artboard-2-Copy-3-120x90.jpg\" alt=\"artboard-2-copy-3\" \/><\/figure><\/div><div class=\"swiper-slide\"><figure class=\"swiper-slide-inner\"><img decoding=\"async\" class=\"swiper-slide-image\" src=\"https:\/\/jacheteaumaroc.com\/wp-content\/uploads\/2016\/10\/Artboard-2-Copy-4-120x90.jpg\" alt=\"artboard-2-copy-4\" \/><\/figure><\/div>\t\t\t<\/div>\n\t\t\t\t\t\t\t\t\t\t\t\t<div class=\"swiper-pagination\"><\/div>\n\t\t\t\t\t\t\t\t\t\t\t\t\t<div class=\"elementor-swiper-button elementor-swiper-button-prev\">\n\t\t\t\t\t\t<i aria-hidden=\"true\" class=\"eicon-chevron-left\"><\/i>\t\t\t\t\t\t<span class=\"elementor-screen-only\">Pr\u00e9c\u00e9dent<\/span>\n\t\t\t\t\t<\/div>\n\t\t\t\t\t<div class=\"elementor-swiper-button elementor-swiper-button-next\">\n\t\t\t\t\t\t<i aria-hidden=\"true\" class=\"eicon-chevron-right\"><\/i>\t\t\t\t\t\t<span class=\"elementor-screen-only\">Suivant<\/span>\n\t\t\t\t\t<\/div>\n\t\t\t\t\t\t\t\t\t<\/div>\n\t\t\t\t<\/div>\n\t\t\t\t<\/div>\n\t\t\t\t\t<\/div>\n\t\t<\/div>\n\t\t\t\t\t\t\t<\/div>\n\t\t<\/section>\n\t\t\t\t<section class=\"elementor-section elementor-top-section elementor-element elementor-element-b50f533 elementor-section-boxed elementor-section-height-default elementor-section-height-default\" data-id=\"b50f533\" data-element_type=\"section\" data-settings=\"{&quot;background_background&quot;:&quot;classic&quot;}\">\n\t\t\t\t\t\t<div class=\"elementor-container elementor-column-gap-default\">\n\t\t\t\t\t<div class=\"elementor-column elementor-col-50 elementor-top-column elementor-element elementor-element-f9c190d\" data-id=\"f9c190d\" data-element_type=\"column\">\n\t\t\t<div class=\"elementor-widget-wrap elementor-element-populated\">\n\t\t\t\t\t\t\t\t<div class=\"elementor-element elementor-element-90d2578 animated-slow elementor-invisible elementor-widget elementor-widget-houzez_elementor_section_title\" data-id=\"90d2578\" data-element_type=\"widget\" data-settings=\"{&quot;_animation&quot;:&quot;fadeIn&quot;}\" data-widget_type=\"houzez_elementor_section_title.default\">\n\t\t\t\t<div class=\"elementor-widget-container\">\n\t\t\t            <div class=\"houzez_section_title_wrap section-title-module\">\n                                    <h2 class=\"houzez_section_title\">Partenaires Bancaires<\/h2>\n                \n                                    <p class=\"houzez_section_subtitle\">Nous travaillons en \u00e9troite collaboration avec des institutions bancaires de renom pour garantir des solutions de paiement s\u00e9curis\u00e9es et adapt\u00e9es aux besoins de chacun. Ces partenariats nous permettent de proposer des options flexibles, que ce soit pour les r\u00e9servations, les financements ou les services sur mesure.<\/p>\n                            <\/div>\n            \t\t<\/div>\n\t\t\t\t<\/div>\n\t\t\t\t\t<\/div>\n\t\t<\/div>\n\t\t\t\t<div class=\"elementor-column elementor-col-50 elementor-top-column elementor-element elementor-element-e55ce2d\" data-id=\"e55ce2d\" data-element_type=\"column\">\n\t\t\t<div class=\"elementor-widget-wrap elementor-element-populated\">\n\t\t\t\t\t\t\t\t<div class=\"elementor-element elementor-element-a522344 elementor-widget elementor-widget-image\" data-id=\"a522344\" data-element_type=\"widget\" data-widget_type=\"image.default\">\n\t\t\t\t<div class=\"elementor-widget-container\">\n\t\t\t<style>\/*! elementor - v3.12.2 - 23-04-2023 *\/\n.elementor-widget-image{text-align:center}.elementor-widget-image a{display:inline-block}.elementor-widget-image a img[src$=\".svg\"]{width:48px}.elementor-widget-image img{vertical-align:middle;display:inline-block}<\/style>\t\t\t\t\t\t\t\t\t\t\t\t<img loading=\"lazy\" decoding=\"async\" width=\"900\" height=\"600\" src=\"https:\/\/jacheteaumaroc.com\/wp-content\/uploads\/2024\/10\/empty-boardroom-glass-wall-meeting-room-with-conference-table-shared-desk-team-workplaces-trading-graphs-monitor-office-interior-commercial-real-estate-concept-900x600.jpg\" class=\"attachment-houzez-variable-gallery size-houzez-variable-gallery wp-image-18118\" alt=\"\" srcset=\"https:\/\/jacheteaumaroc.com\/wp-content\/uploads\/2024\/10\/empty-boardroom-glass-wall-meeting-room-with-conference-table-shared-desk-team-workplaces-trading-graphs-monitor-office-interior-commercial-real-estate-concept-900x600.jpg 900w, https:\/\/jacheteaumaroc.com\/wp-content\/uploads\/2024\/10\/empty-boardroom-glass-wall-meeting-room-with-conference-table-shared-desk-team-workplaces-trading-graphs-monitor-office-interior-commercial-real-estate-concept-300x200.jpg 300w, https:\/\/jacheteaumaroc.com\/wp-content\/uploads\/2024\/10\/empty-boardroom-glass-wall-meeting-room-with-conference-table-shared-desk-team-workplaces-trading-graphs-monitor-office-interior-commercial-real-estate-concept-1024x683.jpg 1024w, https:\/\/jacheteaumaroc.com\/wp-content\/uploads\/2024\/10\/empty-boardroom-glass-wall-meeting-room-with-conference-table-shared-desk-team-workplaces-trading-graphs-monitor-office-interior-commercial-real-estate-concept-768x512.jpg 768w, https:\/\/jacheteaumaroc.com\/wp-content\/uploads\/2024\/10\/empty-boardroom-glass-wall-meeting-room-with-conference-table-shared-desk-team-workplaces-trading-graphs-monitor-office-interior-commercial-real-estate-concept-1536x1024.jpg 1536w, https:\/\/jacheteaumaroc.com\/wp-content\/uploads\/2024\/10\/empty-boardroom-glass-wall-meeting-room-with-conference-table-shared-desk-team-workplaces-trading-graphs-monitor-office-interior-commercial-real-estate-concept-2048x1366.jpg 2048w, https:\/\/jacheteaumaroc.com\/wp-content\/uploads\/2024\/10\/empty-boardroom-glass-wall-meeting-room-with-conference-table-shared-desk-team-workplaces-trading-graphs-monitor-office-interior-commercial-real-estate-concept-496x331.jpg 496w\" sizes=\"auto, (max-width: 900px) 100vw, 900px\" \/>\t\t\t\t\t\t\t\t\t\t\t\t\t\t\t<\/div>\n\t\t\t\t<\/div>\n\t\t\t\t\t<\/div>\n\t\t<\/div>\n\t\t\t\t\t\t\t<\/div>\n\t\t<\/section>\n\t\t\t\t<section class=\"elementor-section elementor-top-section elementor-element elementor-element-dfa108e elementor-section-height-min-height elementor-section-boxed elementor-section-height-default elementor-section-items-middle\" data-id=\"dfa108e\" data-element_type=\"section\" data-settings=\"{&quot;background_background&quot;:&quot;classic&quot;}\">\n\t\t\t\t\t\t<div class=\"elementor-container elementor-column-gap-default\">\n\t\t\t\t\t<div class=\"elementor-column elementor-col-50 elementor-top-column elementor-element elementor-element-d7fd12d\" data-id=\"d7fd12d\" data-element_type=\"column\">\n\t\t\t<div class=\"elementor-widget-wrap elementor-element-populated\">\n\t\t\t\t\t\t\t\t<div class=\"elementor-element elementor-element-4eca736 elementor-widget elementor-widget-image\" data-id=\"4eca736\" data-element_type=\"widget\" data-widget_type=\"image.default\">\n\t\t\t\t<div class=\"elementor-widget-container\">\n\t\t\t\t\t\t\t\t\t\t\t\t\t\t\t<img loading=\"lazy\" decoding=\"async\" width=\"720\" height=\"460\" src=\"https:\/\/jacheteaumaroc.com\/wp-content\/uploads\/2024\/10\/les-mesures-du-gouvernement-pour-booster-le-secteur-de-la-construction-et-de-l-immobilier-neuf.jpg\" class=\"attachment-houzez-variable-gallery size-houzez-variable-gallery wp-image-18213\" alt=\"\" srcset=\"https:\/\/jacheteaumaroc.com\/wp-content\/uploads\/2024\/10\/les-mesures-du-gouvernement-pour-booster-le-secteur-de-la-construction-et-de-l-immobilier-neuf.jpg 720w, https:\/\/jacheteaumaroc.com\/wp-content\/uploads\/2024\/10\/les-mesures-du-gouvernement-pour-booster-le-secteur-de-la-construction-et-de-l-immobilier-neuf-300x192.jpg 300w, https:\/\/jacheteaumaroc.com\/wp-content\/uploads\/2024\/10\/les-mesures-du-gouvernement-pour-booster-le-secteur-de-la-construction-et-de-l-immobilier-neuf-496x317.jpg 496w\" sizes=\"auto, (max-width: 720px) 100vw, 720px\" \/>\t\t\t\t\t\t\t\t\t\t\t\t\t\t\t<\/div>\n\t\t\t\t<\/div>\n\t\t\t\t\t<\/div>\n\t\t<\/div>\n\t\t\t\t<div class=\"elementor-column elementor-col-50 elementor-top-column elementor-element elementor-element-20d0f86\" data-id=\"20d0f86\" data-element_type=\"column\">\n\t\t\t<div class=\"elementor-widget-wrap elementor-element-populated\">\n\t\t\t\t\t\t\t\t<div class=\"elementor-element elementor-element-aa78ceb animated-slow elementor-invisible elementor-widget elementor-widget-houzez_elementor_section_title\" data-id=\"aa78ceb\" data-element_type=\"widget\" data-settings=\"{&quot;_animation&quot;:&quot;fadeIn&quot;}\" data-widget_type=\"houzez_elementor_section_title.default\">\n\t\t\t\t<div class=\"elementor-widget-container\">\n\t\t\t            <div class=\"houzez_section_title_wrap section-title-module\">\n                                    <h2 class=\"houzez_section_title\">Partenaires en R\u00e9novation <\/h2>\n                \n                                    <p class=\"houzez_section_subtitle\">Pour assurer le confort et l'\u00e9l\u00e9gance de nos espaces, nous collaborons avec des experts en r\u00e9novation. Ces professionnels nous aident \u00e0 concevoir des environnements alliant esth\u00e9tique et fonctionnalit\u00e9. Gr\u00e2ce \u00e0 eux, nous offrons des lieux d'exception r\u00e9pondant aux plus hauts standards.<\/p>\n                            <\/div>\n            \t\t<\/div>\n\t\t\t\t<\/div>\n\t\t\t\t\t<\/div>\n\t\t<\/div>\n\t\t\t\t\t\t\t<\/div>\n\t\t<\/section>\n\t\t\t\t<section class=\"elementor-section elementor-top-section elementor-element elementor-element-18ce5ea elementor-section-height-min-height elementor-section-boxed elementor-section-height-default elementor-section-items-middle\" data-id=\"18ce5ea\" data-element_type=\"section\" data-settings=\"{&quot;background_background&quot;:&quot;classic&quot;}\">\n\t\t\t\t\t\t<div class=\"elementor-container elementor-column-gap-default\">\n\t\t\t\t\t<div class=\"elementor-column elementor-col-50 elementor-top-column elementor-element elementor-element-5f8a909\" data-id=\"5f8a909\" data-element_type=\"column\">\n\t\t\t<div class=\"elementor-widget-wrap elementor-element-populated\">\n\t\t\t\t\t\t\t\t<div class=\"elementor-element elementor-element-1ad8c41 elementor-hidden-desktop elementor-hidden-tablet elementor-widget elementor-widget-image\" data-id=\"1ad8c41\" data-element_type=\"widget\" data-widget_type=\"image.default\">\n\t\t\t\t<div class=\"elementor-widget-container\">\n\t\t\t\t\t\t\t\t\t\t\t\t\t\t\t<img loading=\"lazy\" decoding=\"async\" width=\"900\" height=\"600\" src=\"https:\/\/jacheteaumaroc.com\/wp-content\/uploads\/2024\/11\/bj-conciergerie-en-ligne-a-marrakech-hebergement-900x600.jpg\" class=\"attachment-houzez-variable-gallery size-houzez-variable-gallery wp-image-18365\" alt=\"\" srcset=\"https:\/\/jacheteaumaroc.com\/wp-content\/uploads\/2024\/11\/bj-conciergerie-en-ligne-a-marrakech-hebergement-900x600.jpg 900w, https:\/\/jacheteaumaroc.com\/wp-content\/uploads\/2024\/11\/bj-conciergerie-en-ligne-a-marrakech-hebergement-300x200.jpg 300w, https:\/\/jacheteaumaroc.com\/wp-content\/uploads\/2024\/11\/bj-conciergerie-en-ligne-a-marrakech-hebergement-1024x683.jpg 1024w, https:\/\/jacheteaumaroc.com\/wp-content\/uploads\/2024\/11\/bj-conciergerie-en-ligne-a-marrakech-hebergement-768x512.jpg 768w, https:\/\/jacheteaumaroc.com\/wp-content\/uploads\/2024\/11\/bj-conciergerie-en-ligne-a-marrakech-hebergement-1536x1024.jpg 1536w, https:\/\/jacheteaumaroc.com\/wp-content\/uploads\/2024\/11\/bj-conciergerie-en-ligne-a-marrakech-hebergement-496x331.jpg 496w, https:\/\/jacheteaumaroc.com\/wp-content\/uploads\/2024\/11\/bj-conciergerie-en-ligne-a-marrakech-hebergement.jpg 1920w\" sizes=\"auto, (max-width: 900px) 100vw, 900px\" \/>\t\t\t\t\t\t\t\t\t\t\t\t\t\t\t<\/div>\n\t\t\t\t<\/div>\n\t\t\t\t<div class=\"elementor-element elementor-element-c3a6e70 animated-slow elementor-invisible elementor-widget elementor-widget-houzez_elementor_section_title\" data-id=\"c3a6e70\" data-element_type=\"widget\" data-settings=\"{&quot;_animation&quot;:&quot;fadeIn&quot;}\" data-widget_type=\"houzez_elementor_section_title.default\">\n\t\t\t\t<div class=\"elementor-widget-container\">\n\t\t\t            <div class=\"houzez_section_title_wrap section-title-module\">\n                                    <h2 class=\"houzez_section_title\">Conciergerie et Service de Luxe<\/h2>\n                \n                                    <p class=\"houzez_section_subtitle\">Afin d\u2019offrir une exp\u00e9rience client exceptionnelle, nous nous entourons de partenaires sp\u00e9cialis\u00e9s en conciergerie de luxe. Qu\u2019il s\u2019agisse de r\u00e9server une table dans un restaurant prestigieux, d\u2019organiser un transport haut de gamme, ou de satisfaire des demandes sp\u00e9ciales, ces experts sont l\u00e0 pour r\u00e9pondre \u00e0 chaque besoin avec soin et professionnalisme.<\/p>\n                            <\/div>\n            \t\t<\/div>\n\t\t\t\t<\/div>\n\t\t\t\t\t<\/div>\n\t\t<\/div>\n\t\t\t\t<div class=\"elementor-column elementor-col-50 elementor-top-column elementor-element elementor-element-08771a2\" data-id=\"08771a2\" data-element_type=\"column\">\n\t\t\t<div class=\"elementor-widget-wrap elementor-element-populated\">\n\t\t\t\t\t\t\t\t<div class=\"elementor-element elementor-element-0badcd1 elementor-hidden-mobile elementor-widget elementor-widget-image\" data-id=\"0badcd1\" data-element_type=\"widget\" data-widget_type=\"image.default\">\n\t\t\t\t<div class=\"elementor-widget-container\">\n\t\t\t\t\t\t\t\t\t\t\t\t\t\t\t<img loading=\"lazy\" decoding=\"async\" width=\"900\" height=\"600\" src=\"https:\/\/jacheteaumaroc.com\/wp-content\/uploads\/2024\/11\/bj-conciergerie-en-ligne-a-marrakech-hebergement-900x600.jpg\" class=\"attachment-houzez-variable-gallery size-houzez-variable-gallery wp-image-18365\" alt=\"\" srcset=\"https:\/\/jacheteaumaroc.com\/wp-content\/uploads\/2024\/11\/bj-conciergerie-en-ligne-a-marrakech-hebergement-900x600.jpg 900w, https:\/\/jacheteaumaroc.com\/wp-content\/uploads\/2024\/11\/bj-conciergerie-en-ligne-a-marrakech-hebergement-300x200.jpg 300w, https:\/\/jacheteaumaroc.com\/wp-content\/uploads\/2024\/11\/bj-conciergerie-en-ligne-a-marrakech-hebergement-1024x683.jpg 1024w, https:\/\/jacheteaumaroc.com\/wp-content\/uploads\/2024\/11\/bj-conciergerie-en-ligne-a-marrakech-hebergement-768x512.jpg 768w, https:\/\/jacheteaumaroc.com\/wp-content\/uploads\/2024\/11\/bj-conciergerie-en-ligne-a-marrakech-hebergement-1536x1024.jpg 1536w, https:\/\/jacheteaumaroc.com\/wp-content\/uploads\/2024\/11\/bj-conciergerie-en-ligne-a-marrakech-hebergement-496x331.jpg 496w, https:\/\/jacheteaumaroc.com\/wp-content\/uploads\/2024\/11\/bj-conciergerie-en-ligne-a-marrakech-hebergement.jpg 1920w\" sizes=\"auto, (max-width: 900px) 100vw, 900px\" \/>\t\t\t\t\t\t\t\t\t\t\t\t\t\t\t<\/div>\n\t\t\t\t<\/div>\n\t\t\t\t\t<\/div>\n\t\t<\/div>\n\t\t\t\t\t\t\t<\/div>\n\t\t<\/section>\n\t\t\t\t<section class=\"elementor-section elementor-top-section elementor-element elementor-element-054782d elementor-section-height-min-height elementor-section-boxed elementor-section-height-default elementor-section-items-middle\" data-id=\"054782d\" data-element_type=\"section\" data-settings=\"{&quot;background_background&quot;:&quot;classic&quot;}\">\n\t\t\t\t\t\t<div class=\"elementor-container elementor-column-gap-default\">\n\t\t\t\t\t<div class=\"elementor-column elementor-col-50 elementor-top-column elementor-element elementor-element-26311e8\" data-id=\"26311e8\" data-element_type=\"column\">\n\t\t\t<div class=\"elementor-widget-wrap elementor-element-populated\">\n\t\t\t\t\t\t\t\t<div class=\"elementor-element elementor-element-f75998d elementor-widget elementor-widget-image\" data-id=\"f75998d\" data-element_type=\"widget\" data-widget_type=\"image.default\">\n\t\t\t\t<div class=\"elementor-widget-container\">\n\t\t\t\t\t\t\t\t\t\t\t\t\t\t\t<img loading=\"lazy\" decoding=\"async\" width=\"379\" height=\"247\" src=\"https:\/\/jacheteaumaroc.com\/wp-content\/uploads\/2024\/11\/portrait-happy-young-asian-students-260nw-2450231779-e1730717303324.webp\" class=\"attachment-1536x1536 size-1536x1536 wp-image-18370\" alt=\"\" srcset=\"https:\/\/jacheteaumaroc.com\/wp-content\/uploads\/2024\/11\/portrait-happy-young-asian-students-260nw-2450231779-e1730717303324.webp 379w, https:\/\/jacheteaumaroc.com\/wp-content\/uploads\/2024\/11\/portrait-happy-young-asian-students-260nw-2450231779-e1730717303324-300x196.webp 300w\" sizes=\"auto, (max-width: 379px) 100vw, 379px\" \/>\t\t\t\t\t\t\t\t\t\t\t\t\t\t\t<\/div>\n\t\t\t\t<\/div>\n\t\t\t\t\t<\/div>\n\t\t<\/div>\n\t\t\t\t<div class=\"elementor-column elementor-col-50 elementor-top-column elementor-element elementor-element-dbd2b79\" data-id=\"dbd2b79\" data-element_type=\"column\">\n\t\t\t<div class=\"elementor-widget-wrap elementor-element-populated\">\n\t\t\t\t\t\t\t\t<div class=\"elementor-element elementor-element-bd4a54c animated-slow elementor-invisible elementor-widget elementor-widget-houzez_elementor_section_title\" data-id=\"bd4a54c\" data-element_type=\"widget\" data-settings=\"{&quot;_animation&quot;:&quot;fadeIn&quot;}\" data-widget_type=\"houzez_elementor_section_title.default\">\n\t\t\t\t<div class=\"elementor-widget-container\">\n\t\t\t            <div class=\"houzez_section_title_wrap section-title-module\">\n                                    <h2 class=\"houzez_section_title\">Nos Engagements Sociaux<\/h2>\n                \n                                    <p class=\"houzez_section_subtitle\">En parall\u00e8le de nos activit\u00e9s commerciales, nous avons le privil\u00e8ge de soutenir plusieurs associations locales et orphelinats. Ces partenariats permettent de contribuer activement au d\u00e9veloppement et au bien-\u00eatre des communaut\u00e9s les plus vuln\u00e9rables. Soutenir ces initiatives est pour nous une priorit\u00e9, et nous nous engageons \u00e0 renforcer ces liens chaque ann\u00e9e.<\/p>\n                            <\/div>\n            \t\t<\/div>\n\t\t\t\t<\/div>\n\t\t\t\t\t<\/div>\n\t\t<\/div>\n\t\t\t\t\t\t\t<\/div>\n\t\t<\/section>\n\t\t\t\t\t\t\t<\/div>\n\t\t","protected":false},"excerpt":{"rendered":"<p>Nos Partenaires Chez JacheteAuMaroc, nous croyons en la force de la collaboration pour offrir des services de qualit\u00e9 et enrichir l&#8217;exp\u00e9rience de nos clients. Nos partenaires jouent un r\u00f4le essentiel dans notre engagement \u00e0 vous offrir le meilleur. Pr\u00e9c\u00e9dent Suivant Partenaires Bancaires Nous travaillons en \u00e9troite collaboration avec des institutions bancaires de renom pour garantir [&hellip;]<\/p>\n","protected":false},"author":2,"featured_media":0,"parent":0,"menu_order":0,"comment_status":"closed","ping_status":"closed","template":"elementor_header_footer","meta":{"_mi_skip_tracking":false,"footnotes":""},"class_list":["post-18347","page","type-page","status-publish","hentry"],"aioseo_notices":[],"_links":{"self":[{"href":"https:\/\/jacheteaumaroc.com\/index.php\/wp-json\/wp\/v2\/pages\/18347","targetHints":{"allow":["GET"]}}],"collection":[{"href":"https:\/\/jacheteaumaroc.com\/index.php\/wp-json\/wp\/v2\/pages"}],"about":[{"href":"https:\/\/jacheteaumaroc.com\/index.php\/wp-json\/wp\/v2\/types\/page"}],"author":[{"embeddable":true,"href":"https:\/\/jacheteaumaroc.com\/index.php\/wp-json\/wp\/v2\/users\/2"}],"replies":[{"embeddable":true,"href":"https:\/\/jacheteaumaroc.com\/index.php\/wp-json\/wp\/v2\/comments?post=18347"}],"version-history":[{"count":22,"href":"https:\/\/jacheteaumaroc.com\/index.php\/wp-json\/wp\/v2\/pages\/18347\/revisions"}],"predecessor-version":[{"id":18615,"href":"https:\/\/jacheteaumaroc.com\/index.php\/wp-json\/wp\/v2\/pages\/18347\/revisions\/18615"}],"wp:attachment":[{"href":"https:\/\/jacheteaumaroc.com\/index.php\/wp-json\/wp\/v2\/media?parent=18347"}],"curies":[{"name":"wp","href":"https:\/\/api.w.org\/{rel}","templated":true}]}}